 to base 2
-1100110111110010
10020 (base 4) to base 13
174
1011000110 (base 2) to base 8
1306
What is 400 (base 7) in base 2?
11000100
What is -1387 (base 10) in base 5?
-21022
Convert 224421 (base 5) to base 13.
38cc
Convert -2201010211 (base 3) to base 11.
-37073
-27a5 (base 14) to base 6
-52233
What is 66a (base 11) in base 16?
322
521 (base 6) to base 5
1233
What is -16166 (base 15) in base 7?
-414366
Convert 19220 (base 12) to base 8.
107370
What is -4013 (base 10) in base 7?
-14462
18413 (base 10) to base 2
100011111101101
75c (base 13) to base 14
660
Convert -33 (base 14) to base 15.
-30
-4436 (base 9) to base 11
-2506
Convert -1c7 (base 13) to base 4.
-11030
-2341 (base 5) to base 8
-532
Convert 1224 (base 7) to base 10.
459
Convert -29c (base 14) to base 7.
-1355
Convert 9686 (base 13) to base 4.
11012201
What is -5243 (base 11) in base 7?
-26150
What is b77 (base 13) in base 5?
30312
Convert -29d1 (base 15) to base 13.
-4111
Convert -807 (base 16) to base 11.
-15a9
Convert adaa (base 15) to base 4.
20333203
-135020 (base 6) to base 7
-52122
Convert -1265 (base 11) to base 15.
-749
12012011 (base 3) to base 4
323020
What is -2d72 (base 16) in base 15?
-36a9
-37347 (base 9) to base 14
-91cc
What is 1532 (base 6) in base 16?
1a0
4723 (base 13) to base 7
41104
What is -642 (base 11) in base 10?
-772
Convert 617 (base 13) to base 15.
48e
What is 101020 (base 4) in base 3?
1111121
What is -100120 (base 3) in base 9?
-316
Convert -1011100110111001 (base 2) to base 14.
-13481
4420 (base 12) to base 5
220022
Convert a719 (base 11) to base 12.
8255
10b (base 14) to base 10
207
101 (base 11) to base 3
11112
Convert -110220 (base 3) to base 15.
-183
4141 (base 7) to base 16
5aa
-2040 (base 7) to base 14
-390
Convert 220 (base 3) to base 7.
33
-a12 (base 13) to base 16
-6a9
What is 1044442 (base 5) in base 3?
221201100
Convert 8a5 (base 12) to base 9.
1668
What is -143202 (base 5) in base 9?
-8264
1101111010010 (base 2) to base 5
211442
Convert 33331003 (base 4) to base 8.
177503
What is -2550 (base 8) in base 16?
-568
-132035 (base 9) to base 14
-21342
Convert -1010110011010000 (base 2) to base 6.
-540452
Convert 222131 (base 5) to base 4.
1321233
-1021021 (base 3) to base 10
-925
What is 32535 (base 6) in base 12?
274b
What is -127551 (base 8) in base 11?
-30813
5fb0 (base 16) to base 4
11332300
What is -2557 (base 12) in base 7?
-15241
1112002 (base 3) to base 11
919
3121330 (base 4) to base 8
33174
What is -3113 (base 6) in base 10?
-693
Convert -191 (base 11) to base 13.
-140
Convert 1458b (base 13) to base 3.
1221112212
Convert -2002 (base 8) to base 4.
-100002
What is 246 (base 14) in base 5?
3304
What is -10221100010 (base 3) in base 12?
-38a40
What is 38717 (base 12) in base 4?
102310003
What is 100100001010000 (base 2) in base 14?
6a64
What is -1501 (base 8) in base 10?
-833
-956 (base 11) to base 14
-5c2
a51 (base 11) to base 2
10011110010
-2672 (base 12) to base 7
-15563
-958 (base 10) to base 5
-12313
1133301 (base 4) to base 13
2a36
-20332 (base 4) to base 3
-210021
Convert 228 (base 16) to base 10.
552
d449 (base 14) to base 8
107251
-1 (base 16) to base 13
-1
Convert 2622a (base 12) to base 10.
52162
What is -8428 (base 9) in base 8?
-14046
-1329 (base 12) to base 14
-b29
993 (base 10) to base 3
1100210
-10123 (base 7) to base 5
-34332
-1541 (base 6) to base 13
-265
What is -3021021 (base 4) in base 15?
-3c33
-1010110110100 (base 2) to base 4
-1112310
-7695 (base 12) to base 15
-3d18
Convert 103035 (base 6) to base 9.
12525
Convert 1858 (base 13) to base 10.
3622
-8258 (base 15) to base 8
-65615
What is 19583 (base 13) in base 14?
13d66
What is -17176 (base 12) in base 10?
-33066
-18223 (base 11) to base 16
-63d4
What is -396 (base 14) in base 4?
-23100
-345 (base 8) to base 14
-125
Convert -2300 (base 10) to base 2.
-100011111100
-18058 (base 10) to base 7
-103435
What is 26a0 (base 13) in base 15?
1993
Convert 4532 (base 6) to base 9.
1412
What is -13a7 (base 14) in base 15?
-106e
Convert 10443 (base 5) to base 8.
1354
-1010111110111 (base 2) to base 16
-15f7
What is -27a (base 16) in base 5?
-10014
Convert -b74 (base 15) to base 10.
-2584
Convert -32213 (base 6) to base 15.
-1486
What is -231300 (base 4) in base 11?
-2222
22064 (base 7) to base 10
5534
What is 482 (base 11) in base 4?
20332
Convert -11231 (base 8) to base 6.
-34013
What is 558 (base 9) in base 3?
121222
Convert -10464 (base 8) to base 2.
-1000100110100
100020 (base 3) to base 5
1444
Convert -35245 (base 6) to base 7.
-20531
Convert 100010111 (base 2) to base 14.
15d
Convert 18d (base 15) to base 11.
2a6
-20011022 (base 3) to base 12
-2722
426 (base 9) to base 7
1005
-4544 (base 6) to base 13
-646
11100001101000 (base 2) to base 9
21724
Convert 7531 (base 9) to base 14.
2036
125663 (base 7) to base 12
1183b
81b6 (base 12) to base 16
371a
13240 (base 5) to base 4
100232
What is -2040 (base 10) in base 14?
-a5a
457 (base 11) to base 6
2310
What is -1513 (base 11) in base 14?
-9d4
What is -b95 (base 15) in base 13?
-1262
-14220 (base 7) to base 5
-111020
What is -1313 (base 7) in base 8?
-764
6214 (base 7) to base 4
201313
694 (base 13) to base 14
5b1
Convert 10351 (base 7) to base 13.
123a
Convert a22 (base 11) to base 5.
14414
1555 (base 8) to base 16
36d
-2775 (base 13) to base 5
-140143
Convert 2113 (base 5) to base 2.
100011011
5333 (base 9) to base 8
7516
3213013 (base 4) to base 7
61060
-110041 (base 5) to base 16
-ebb
Convert -672 (base 12) to base 13.
-581
What is 190 (base 13) in base 11?
240
Convert 13515 (base 7) to base 11.
2852
What is -20c (base 14) in base 8?
-624
10b (base 16) to base 6
1123
Convert -5544 (base 8) to base 10.
-2916
Convert 1a4 (base 15) to base 2.
101111011
What is -331 (base 16) in base 6?
-3441
-243 (base 9) to base 6
-533
What is -101212 (base 3) in base 7?
-566
What is 10110201 (base 3) in base 5?
40110
102003 (base 5) to base 3
11122010
What is 2b5 (base 13) in base 14?
26a
Convert -10002303 (base 4) to base 6.
-204403
Convert 24846 (base 10) to base 6.
311010
Convert -1101100101 (base 2) to base 11.
-720
What is -1100111000 (base 2) in base 10?
-824
What is -142234 (base 5) in base 3?
-22011011
5a9a (base 12) to base 14
3a06
253 (base 9) to base 4
3102
-1001000100 (base 2) to base 16
-244
What is -94 (base 10) in base 12?
-7a
-21013213 (base 4) to base 8
-110747
6611 (base 8) to base 10
3465
What is 7885 (base 12) in base 14?
4c17
-391 (base 11) to base 16
-1cf
What is -3411 (base 6) in base 4?
-30133
What is 5313 (base 9) in base 12?
2310
15a51 (base 13) to base 4
22011112
1260 (base 7) to base 14
267
416 (base 7) to base 14
10d
Convert -452001 (base 6) to base 9.
-57131
What is 74 (base 13) in base 16?
5f
What is 1212 (base 3) in base 13?
3b
-91f (base 16) to base 13
-10a8
Convert -11101100000 (base 2) to base 8.
-3540
What is 25486 (base 9) in base 15?
5149
-102 (base 13) to base 11
-146
-1563 (base 9) to base 7
-3321
Convert -c3 (base 15) to base 12.
-133
Convert -1e70 (base 15) to base 2.
-1100111100110
Convert 1094 (base 10) to base 9.
1445
2447 (base 9) to base 7
5215
-c8ce (base 15) to base 5
-2324434
What is -6296 (base 10) in base 13?
-2b34
Convert -1520 (base 11) to base 6.
-13022
Convert 1012204 (base 5) to base 10.
16554
Convert 13a6 (base 15) to base 14.
1766
What is 130 (base 6) in base 4?
312
What is -a869 (base 13) in base 6?
-300213
-253 (base 6) to base 11
-96
Convert -7 (base 15) to base 5.
-12
What is -cb13 (base 15) in base 12?
-20a69
Convert -452 (base 9) to base 2.
-101110011
What is 63653 (base 7) in base 15?
4a12
Convert 25302 (base 7) to base 15.
1e96
4267 (base 8) to base 4
202313
What is -31b (base 12) in base 5?
-3310
2112122022 (base 3) to base 11
34660
Convert 24750 (base 10) to base 3.
1020221200
Convert 35230 (base 6) to base 11.
3889
Convert 11120 (base 4) to base 13.
206
Convert -539 (base 10) to base 5.
-4124
361 (base 9) to base 12
20a
31323 (base 6) to base 13
1c02
What is 2556 (base 7) in base 16?
3cc
What is 21152 (base 6) in base 4?
230330
Convert -204100 (base 6) to base 9.
-24510
What is 5d45 (base 14) in base 8?
37711
Convert 15303 (base 7) to base 2.
1000010101010
Convert 2345 (base 6) to base 12.
3b5
13657 (base 9) to base 11
6a82
Convert 6295 (base 10) to base 11.
4803
Conv